t v = -129 + 424. Is v prime?
False
Let z(j) = 0 + 12*j**2 - 2 - j + 3. Suppose 4 + 4 = 4*h. Is z(h) a composite number?
False
Suppose 4*j + 376 = 5820. Is j a composite number?
False
Let c(i) = i**3 - 9*i**2 - 9*i - 4. Let n be c(8). Let m = n - -284. Let j = m - 47. Is j a prime number?
True
Let t be 1/(-2)*24/6. Is 1/t - (-141)/6 prime?
True
Let t(h) = -25*h**3 + 2*h**2 - 3*h - 3. Let x = -4 + 2. Is t(x) a composite number?
False
Let h(d) = 3*d - 5*d + 6*d - 3. Let r be h(2). Suppose r*p = 3*w + 500, 2*p + w = 194 - 5. Is p prime?
True
Suppose 7*u - 4767 = 4*u. Is u a prime number?
False
Let l = 1140 + -773. Let r = l - 164. Is r a composite number?
True
Let s be (-2)/(-7) - 1342/(-7). Suppose y = -2*y + s. Suppose 0 = 2*f - 3*c - 0*c - 23, -y = -5*f + c. Is f a composite number?
False
Let t = 308 - -38. Is t composite?
True
Suppose 130 + 236 = 3*f. Is f a composite number?
True
Suppose -6*x - 6 = -2*v - 2*x, 2*v + 3*x + 1 = 0. Let l be 1 + v + 1 + 1. Is -4*(-1 - 19/l) a prime number?
True
Let b(q) = q**2 - 4*q + 37. Is b(-10) prime?
False
Suppose 6*c = 4*c + 70. Is (-10)/c - (-3518)/14 a prime number?
True
Let c = -3 + -3. Let i be 22/c*1*3. Let o = -8 - i. Is o a composite number?
False
Let b = -88 + 177. Is b prime?
True
Let r(x) = 3*x**2 + 12*x - 23. Is r(-20) a prime number?
True
Suppose 4*b - 156 = 3*d - 0, -4*d - b - 227 = 0. Let q be 1*(-1 - (2 + 104)). Let i = d - q. Is i composite?
True
Let d = 0 - 2. Is 326/14 - d/(-7) a composite number?
False
Let l = -12 + 21. Let x(j) = 2*j + 4. Is x(l) prime?
False
Let i be -3*(-10)/6 + 2. Let v(y) = 4*y**2 - 2*y + 9. Is v(i) a composite number?
False
Suppose -3496 = -4*q - 5*b - 1109, -608 = -q + b. Let k = q - 310. Is k a composite number?
False
Suppose 1688 = 5*a - 1292. Suppose -4*j - 3*l + a = -287, 5*l - 208 = -j. Is j prime?
True
Suppose x = 11*x - 25790. Is x a composite number?
False
Let n be (-3)/((-6)/(-4) + -1). Is 40/6 + (-2)/n a composite number?
False
Let i(u) = 2*u**2 + 5*u + 4. Let q be i(-8). Suppose q - 14 = 2*f. Is f a composite number?
True
Let z be -2 + -2 - (-3 - 1). Let h(l) = 3*l + 211. Is h(z) composite?
False
Suppose -4*u + 3*w = -1, 0 = u - w - 4 + 3. Is u/(-9) + (-5467)/(-63) prime?
False
Suppose -5*k - 4*p + 672 = -3*k, p - 1635 = -5*k. Suppose -4*h = -2*h - k. Is h a composite number?
False
Suppose 5*w - 20 = 0, 3*p - 2*p + 5*w = 339. Is p a composite number?
True
Let j(n) = -n + n**3 + 9*n**2 + 0*n**3 - 5 + 0*n**3. Is j(-6) prime?
True
Suppose 3*x - 276 = -3*q, -2*x - 199 = -2*q - x. Is q a composite number?
False
Let g = -959 - -1465. Suppose -2*s + 6*k - 4*k = -g, -12 = -3*k. Is s prime?
True
Let x = -158 - -247. Is x prime?
True
Let v be (30/(-8))/(9/(-36)). Is (-6)/v + 817/5 a prime number?
True
Let w = 2 - 0. Suppose -5*z = n + 2, z - 3*n - 10 = 2*n. Suppose w*j - 69 = -p - 0*p, -5*j - p + 180 = z. Is j composite?
False
Is (-2 + 1156)/(-2 - -4) - 4 composite?
True
Let q be (-216)/(-32) - 3/4. Suppose d = q*d. Suppose d = -3*h + 119 + 166. Is h composite?
True
Suppose -41*w + 40*w + 4781 = 0. Is w prime?
False
Suppose -4*u = -3*u - 3. Suppose -l = u*z - 761, -3*z + 263 = -2*z - 2*l. Suppose z = -2*k + 7*k. Is k composite?
True
Let l = -413 - -792. Is l a prime number?
True
Suppose -2*g - 975 = -7*g. Suppose -5*r - g = -10*r. Is r a composite number?
True
Let x = 304 + -217. Is x composite?
True
Let t(x) = 333*x - 2. Is t(1) a prime number?
True
Suppose 0 = -2*d - 1 + 5. Suppose 3*v - 190 = -5*i, 2*i + 0*i = -d. Is v composite?
True
Let a = -3417 + 5086. Is a a composite number?
False
Let i = -809 + 1547. Let c = i + -439. Is c a prime number?
False
Let r = -171 - -590. Is r prime?
True
Suppose 0 = -q + 5*h - 6, 2*q + q = -4*h + 20. Is q/10 + 1368/30 composite?
True
Let t(l) be the third derivative of 5*l**4/6 - l**3/6 + 2*l**2. Let b = 21 - 17. Is t(b) a prime number?
True
Let q = 291 - -2. Is q prime?
True
Let z be -5*1/(10/4). Is 300/9 - z/(-6) a prime number?
False
Let t(g) = -2*g + 3. Let h be t(-2). Let y be 33/4 - 1/4. Suppose 5*w - y = h. Is w prime?
True
Let w(c) = -c**3 - 5*c**2 + 6*c. Let x be w(-6). Suppose x = 5*v - 230 + 45. Is v a composite number?
False
Let c(i) = -43*i - 29. Is c(-12) composite?
False
Let i be -1 - -2 - 9/(-3). Suppose -229 - 85 = -z - 5*j, 3*z - 964 = -4*j. Suppose 2*s + 9 = n - 76, -i*n + 4*s = -z. Is n composite?
True
Suppose 7*w - 2*w - 10 = 0. Suppose 3*j + w*c - 797 = 0, 5*j + c = 362 + 957. Is j prime?
True
Let r(m) = 17*m + 3 + 16*m + 7*m. Is r(2) a prime number?
True
Let l(z) = z**3 + 9*z**2 + 6*z + 1. Let n be l(-8). Let o(a) = -a**2 + 18*a + 5. Is o(n) composite?
True
Let p(l) = 16*l - 1. Let f be p(1). Suppose 0 = j + 4*j + f. Is (-55*(j - -2))/1 a composite number?
True
Let r(w) = -4*w**3 + 2*w**2 - 3*w + 4. Let d be r(-3). Let t = d + 10. Is t a composite number?
False
Let v(j) = 5*j**2 - j + 1. Let r be v(1). Suppose 0*n + 11*n - 88 = 0. Suppose -70 = -r*c + n*x - 3*x, -c + 18 = -2*x. Is c a composite number?
True
Is (2 + 21/(-2))*-22 a composite number?
True
Let a be -3 + (-4 - (3 - 4)). Is a/(-24) + 1881/12 a prime number?
True
Let m(g) = g**3 - 9*g - 13. Is m(8) composite?
True
Let q(l) = 48*l**2 + 4*l + 3. Let o = 0 - 2. Let x be q(o). Let b = x + -134. Is b prime?
True
Suppose 0 = -4*c - 4*r - 20, -4*c - 5 = -9*c + r. Suppose u - 2*u + 12 = c. Let l(k) = 4*k - 9. Is l(u) prime?
False
Suppose 2*c = c + 3. Suppose 0 = u + 4*n - 3 + 2, 5*u - c*n - 5 = 0. Let d(f) = 43*f. Is d(u) prime?
True
Let u = 7269 + -4670. Is u a prime number?
False
Suppose 5*h - 4 = 16. Suppose q + h*t = -11, 3*t - 4 = -4*q - t. Suppose 131 - 16 = q*y. Is y composite?
False
Let p be 8/12*(-27)/(-2). Suppose -5 = 2*b + 3. Let g = p - b. Is g composite?
False
Let h(y) = -y**2 - 6*y + 3. Let x(o) = 1 + 5 - 5. Let p(c) = -h(c) - 4*x(c). Is p(-8) a composite number?
True
Suppose -4*y - 3*d + 49 = 0, 4*y + 1 = d + 38. Let q(z) = 21*z + 1. Is q(y) composite?
False
Let r be (-24)/2*(-3)/9. Suppose r*b - 13 = -l + 6, 4*l - 2*b - 76 = 0. Let z = l + 6. Is z prime?
False
Suppose 2083 = 14*k - 13303. Is k a prime number?
False
Let s(o) = -37*o - 11. Is s(-6) composite?
False
Let b(i) = 15*i**3 - i**2 + 2*i + 5. Is b(3) prime?
False
Let n(z) = 2*z**3 - 15*z**2 + 9*z - 12. Let i be n(10). Suppose -5*c - i = -7*c. Is c a prime number?
False
Suppose -z - 5*h + 6 - 17 = 0, -5*z - h = -17. Suppose 4*r + z*y - 568 = 0, -3*y - 177 = -r - 35. Is r prime?
False
Let c(v) = -v**2 - 3*v. Let d be c(-2). Let p(q) = q**d + 3*q - 38*q**3 + 37*q**3 + 4*q**2 + 7. Is p(5) a composite number?
True
Suppose -8 = -5*x + 2, 4*n = 4*x. Suppose 0 = -n*o + 3 - 13, 4*t - 4*o = 352. Is t a prime number?
True
Let m(w) = -w**3 - w**2 + w + 3. Let a be m(0). Let r(z) = z**3 - 3*z**2 + 2. Let i be r(a). Is i + (4 - 3)*104 a prime number?
False
Suppose -10 = 3*d - 8*d. Suppose -3*m + 83 = -d*m. Is m a composite number?
False
Suppose 0 = -0*x + 4*x. Suppose -3*b + 168 + 63 = x. Is b a prime number?
False
Suppose 0 = 5*f - a - a - 19, 2*a = -4*f + 8. Suppose -f*z + 725 = 2*z. Is z composite?
True
Suppose 0 = 3*g - 6*g + 345. Is g a prime number?
False
Let l = 124 - 57. Is l a prime number?
True
Let z(p) = p**2 + 8. Let g be z(0). Let j = 18 + 12. Is (j/g - 2)*44 a prime number?
False
Suppose -2*h + 5*h = -12, -5*h = f - 96. Suppose 49 = 3*v - f. Is v composite?
True
Suppose -6*i - 6 = -2*i - 2*w, -2*w + 6 = 5*i. Let z(d) = d**3 - d**2 + d + 54. Let q be z(i). Is (-2)/(-8) + q/8 a composite number?
False
Is 82719/65 + (-2)/(-5) prime?
False
Suppose -5*s + 7*s - 402 = 0. Is s composite?
True
Suppose 3*a - 1 - 80 = 0. Let c = a + -16. Is c a prime number?
True
Let i(f) be the second derivative of -f**5/20 - 5*f**4/12 - f**3/3 + 2*f**2 + f. Let t be i(-5). Is 2/7 + 1074/t a prime number?
False
Let q(b) = -6*b - 5. Is q(-12) a composite number?
False
Suppose -i - 4*d = -817, -1991 = -2*i + 2*d - 347. Is i prime?
True
Let f = -10 - -17. Let u(o) = -f - 2 + o + o + o**2. Is u(-7) a prime number?
False
Suppose g - 1634 = 3*w, -2*w = -6*g + 11*g - 8153. Is g a prime number?
False
Let b(k) = k**2 + 7*k + 6. Let z = -3 + 5. Suppose z*f = f - 8. Is b(f) a prime number?
False
Is (-510)/153*(-1 - (-4477)/(-2)) prime?
False
Let x be 86/4*(4 + -2). Suppose -3*g = -4*z + 82, 4*z + 4*g = -x + 1